{"id":6,"date":"2014-08-14T14:41:34","date_gmt":"2014-08-14T14:41:34","guid":{"rendered":"http:\/\/bheiran.com\/?page_id=6"},"modified":"2014-10-30T20:23:33","modified_gmt":"2014-10-30T20:23:33","slug":"6-2","status":"publish","type":"page","link":"http:\/\/bheiran.trotajueves.es\/?page_id=6","title":{"rendered":"ENCUENTROS EN BHEIRAN"},"content":{"rendered":"<h4 style=\"text-align: center;\"><\/h4>\n<h4 style=\"text-align: center;\">\u00a0<strong><em>El Capit\u00e1n de la goleta \u201cLa Avariciosa\u201d, Don Antonio Pardo de Zamora, que parti\u00f3 en 1.785 del puerto de El Ferrol, en la expedici\u00f3n que se \u00a0realiz\u00f3 rumbo: \u201cEl conocimiento\u201d, no hubiera imaginado de ning\u00fan modo, que casi tres siglos despu\u00e9s unos curiosos que se reunir\u00edan bajo la mirada zumbada de un dios japon\u00e9s en una librer\u00eda ruinosa de un barrio de los suburbios de un Madrid, que en su \u00e9poca solo era campos de trigo y una hacienda, iban a recordarle como el gran explorador que fue y entraran de lleno en un mundo que \u00e9l intent\u00f3, nadie conociera.<\/em><\/strong><\/h4>\n<h1 style=\"text-align: center;\">\u00a0<a href=\"https:\/\/www.trotajueves.es\/3245-2\/\" target=\"_blank\"><img loading=\"lazy\" decoding=\"async\" class=\"alignnone wp-image-22\" src=\"http:\/\/bheiran.com\/wp-content\/uploads\/2014\/09\/avatar2-150x150.jpg\" alt=\"avatar2\" width=\"98\" height=\"102\" srcset=\"http:\/\/bheiran.trotajueves.es\/wp-content\/uploads\/2014\/09\/avatar2-289x300.jpg 289w, http:\/\/bheiran.trotajueves.es\/wp-content\/uploads\/2014\/09\/avatar2.jpg 300w\" sizes=\"auto, (max-width: 98px) 100vw, 98px\" \/><\/a><\/h1>\n<h4 style=\"text-align: center;\"><a href=\"https:\/\/www.trotajueves.es\/3245-2\/\" target=\"_blank\"><em><strong>\u201cel monstruo japon\u00e9s de Carabanchel\u201d<\/strong><\/em><\/a><\/h4>\n<h4 style=\"text-align: center;\">se zambulle junto a un grupo de locos bajitos (algunos con venerables canas)<\/h4>\n<h4 style=\"text-align: center;\">en un viaje de investigaci\u00f3n que ocurri\u00f3 hace mucho tiempo.<\/h4>\n<h4 style=\"text-align: center;\">En el siglo XVIII:<\/h4>\n<p>&nbsp;<\/p>\n<p>Encargada expresamente por Carlos III \u00a0para entablar relaciones comerciales y diplom\u00e1ticas con una ciudad estado situada en&#8230; \u00a0oriente pr\u00f3ximo&#8230; o era en el Caucaso&#8230; no ser\u00eda Persia&#8230;<strong>\u00a0BHEIRAN.<\/strong><\/p>\n<p style=\"text-align: left;\"><em>\u00abLos marineros m\u00e1s avezados hablan de que sus habitantes tienen \u00a0mascotas gigantes llamadas \u00aboso perros\u00bb, fieros pero fieles a sus amos.\u00a0Se dice que despu\u00e9s de las batallas les alimentan con\u00a0partes del cuerpo de los prisioneros\u00a0como recompensa. No les dan \u00f3rganos vitales, de esa forma los capturados no mueren. Despu\u00e9s, liberan a los que pueden soportarlo, volviendo a sus casas amputados \u00a0para contarlo.\u00a0<\/em>As\u00ed de temidas son las huestes de Bheiran\u00bb.<\/p>\n<p style=\"text-align: left;\"><a href=\"http:\/\/bheiran.com\/wp-content\/uploads\/2014\/09\/Exploradores.jpg\"><img loading=\"lazy\" decoding=\"async\" class=\"aligncenter wp-image-32 size-thumbnail\" src=\"http:\/\/bheiran.com\/wp-content\/uploads\/2014\/09\/Exploradores-150x115.jpg\" alt=\"Exploradores\" width=\"150\" height=\"115\" srcset=\"http:\/\/bheiran.trotajueves.es\/wp-content\/uploads\/2014\/09\/Exploradores-150x115.jpg 150w, http:\/\/bheiran.trotajueves.es\/wp-content\/uploads\/2014\/09\/Exploradores-300x230.jpg 300w, http:\/\/bheiran.trotajueves.es\/wp-content\/uploads\/2014\/09\/Exploradores-299x230.jpg 299w, http:\/\/bheiran.trotajueves.es\/wp-content\/uploads\/2014\/09\/Exploradores.jpg 302w\" sizes=\"auto, (max-width: 150px) 100vw, 150px\" \/><\/a><\/p>\n<p style=\"text-align: left;\">Todo aquel QUE EST\u00c9 INTERESADO EN\u00a0PARTICIPAR<\/p>\n<p style=\"text-align: left;\">en el estudio y desarrollo de estas\u00a0investigaciones,<\/p>\n<p style=\"text-align: left;\">que le apasione bucear en legajos, mapas, pergaminos, notas bocetos o pinturas olvidadas en los anaqueles del tiempo<\/p>\n<p style=\"text-align: left;\">o que quiera simplemente so\u00f1ar con hur\u00edes de ojos azabache o guerreros de musculoso trasero.<\/p>\n<p style=\"text-align: left;\">Aquellos que quieran conocer la poes\u00eda, el arte, la historia de un pa\u00eds olvidado.<\/p>\n<p style=\"text-align: left;\"><strong><em>Aquellos que quieran construir un sue\u00f1o.<\/em><\/strong><\/p>\n<h3 style=\"text-align: center;\">Les invitamos a reunirse con nosotros<\/h3>\n<h3 style=\"text-align: center;\"><strong><em><a href=\"https:\/\/www.google.com\/maps\/place\/EL+TROTAJUEVES.+Librer%C3%ADa+Asociativa+de+Viajes+y+Relatos\/@40.387114,-3.736477,14z\/data=!4m2!3m1!1s0x0:0x3f9902b692a619d4?hl=es-ES\" target=\"_blank\">En \u00abla cueva del monstruo japon\u00e9s\u00bb<\/a><\/em><\/strong><\/h3>\n<address>Librer\u00eda Asociativa el Trotajueves.<\/address>\n<address>Calle Antonia Lancha 17.<\/address>\n<address>Si vienes en<a href=\"http:\/\/www.metromadrid.es\/export\/sites\/metro\/comun\/documentos\/planos\/Planoesquematicoespanol.pdf\" target=\"_blank\"><em>\u00a0<\/em><\/a><em>METRO<\/em>,\u00a0estamos entre las estaciones de\u00a0<a href=\"https:\/\/maps.google.es\/maps?q=Calle+de+Antonia+Lancha,+17,+Madrid&amp;hl=es&amp;ll=40.385749,-3.720589&amp;spn=0.009561,0.01929&amp;sll=40.385716,-3.720288&amp;sspn=0.009561,0.01929&amp;oq=calle+antonia+lancha+17&amp;hnear=Calle+de+Antonia+Lancha,+17,+28019+Madrid,+Comunidad+de+Madrid&amp;t=m&amp;z=16\" target=\"_blank\">PLAZA EL\u00cdPTICA Y OPA\u00d1EL.<\/a>\u00a0de la\u00a0<a href=\"http:\/\/www.metromadrid.es\/es\/viaja_en_metro\/red_de_metro\/estaciones\/PlazaEliptica.html\" target=\"_blank\"><em>L\u00cdNEA 6<\/em><\/a><\/address>\n<address>Si vienes en \u00a0<em>AUTOBUS:<\/em>\u00a0\u00a0\u00a0<a href=\"http:\/\/www.emtmadrid.es\/mapaweb\/emt.html\" target=\"_blank\">47, 55, 81 60, 247, 116,<\/a><a href=\"http:\/\/www.emtmadrid.es\/mapaweb\/emt.html\" target=\"_blank\">\u00a0E1, N17.<\/a><\/address>\n<address>\u00a0Para llamarnos por tel\u00e9fono:\u00a0\u00a0915699326<\/address>\n<address>\u00a0<\/address>\n<address>\u00a0Porque lo que quiere hacer este grupo de<strong><em> \u00abpiraos\u00bb<\/em>\u00a0<\/strong>no es m\u00e1s que sacar a la luz <strong><em>uno de los viajes de investigaci\u00f3n m\u00e1s importantes que la corte Espa\u00f1ola promocionara en esa \u00e9poca ilustrada.<\/em><\/strong><\/address>\n<address>\u00a0<\/address>\n","protected":false},"excerpt":{"rendered":"<p>\u00a0El Capit\u00e1n de la goleta \u201cLa Avariciosa\u201d, Don Antonio Pardo de Zamora, que parti\u00f3 en 1.785 del puerto de El Ferrol, en la expedici\u00f3n que se \u00a0realiz\u00f3 rumbo: \u201cEl conocimiento\u201d, no hubiera imaginado de ning\u00fan modo, que casi tres siglos despu\u00e9s unos curiosos que se reunir\u00edan bajo la mirada zumbada de un dios japon\u00e9s en [&hellip;]<\/p>\n","protected":false},"author":1,"featured_media":31,"parent":0,"menu_order":0,"comment_status":"open","ping_status":"closed","template":"","meta":{"footnotes":""},"class_list":["post-6","page","type-page","status-publish","has-post-thumbnail","hentry"],"_links":{"self":[{"href":"http:\/\/bheiran.trotajueves.es\/index.php?rest_route=\/wp\/v2\/pages\/6","targetHints":{"allow":["GET"]}}],"collection":[{"href":"http:\/\/bheiran.trotajueves.es\/index.php?rest_route=\/wp\/v2\/pages"}],"about":[{"href":"http:\/\/bheiran.trotajueves.es\/index.php?rest_route=\/wp\/v2\/types\/page"}],"author":[{"embeddable":true,"href":"http:\/\/bheiran.trotajueves.es\/index.php?rest_route=\/wp\/v2\/users\/1"}],"replies":[{"embeddable":true,"href":"http:\/\/bheiran.trotajueves.es\/index.php?rest_route=%2Fwp%2Fv2%2Fcomments&post=6"}],"version-history":[{"count":2,"href":"http:\/\/bheiran.trotajueves.es\/index.php?rest_route=\/wp\/v2\/pages\/6\/revisions"}],"predecessor-version":[{"id":38,"href":"http:\/\/bheiran.trotajueves.es\/index.php?rest_route=\/wp\/v2\/pages\/6\/revisions\/38"}],"wp:featuredmedia":[{"embeddable":true,"href":"http:\/\/bheiran.trotajueves.es\/index.php?rest_route=\/wp\/v2\/media\/31"}],"wp:attachment":[{"href":"http:\/\/bheiran.trotajueves.es\/index.php?rest_route=%2Fwp%2Fv2%2Fmedia&parent=6"}],"curies":[{"name":"wp","href":"https:\/\/api.w.org\/{rel}","templated":true}]}}

<h4 style="text-align: center;"></h4>
<h4 style="text-align: center;"> <strong><em>El Capitán de la goleta “La Avariciosa”, Don Antonio Pardo de Zamora, que partió en 1.785 del puerto de El Ferrol, en la expedición que se  realizó rumbo: “El conocimiento”, no hubiera imaginado de ningún modo, que casi tres siglos después unos curiosos que se reunirían bajo la mirada zumbada de un dios japonés en una librería ruinosa de un barrio de los suburbios de un Madrid, que en su época solo era campos de trigo y una hacienda, iban a recordarle como el gran explorador que fue y entraran de lleno en un mundo que él intentó, nadie conociera.</em></strong></h4>
<h1 style="text-align: center;"> <a href="https://www.trotajueves.es/3245-2/" target="_blank"><img loading="lazy" decoding="async" class="alignnone wp-image-22" src="http://bheiran.com/wp-content/uploads/2014/09/avatar2-150x150.jpg" alt="avatar2" width="98" height="102" srcset="http://bheiran.trotajueves.es/wp-content/uploads/2014/09/avatar2-289x300.jpg 289w, http://bheiran.trotajueves.es/wp-content/uploads/2014/09/avatar2.jpg 300w" sizes="auto, (max-width: 98px) 100vw, 98px" /></a></h1>
<h4 style="text-align: center;"><a href="https://www.trotajueves.es/3245-2/" target="_blank"><em><strong>“el monstruo japonés de Carabanchel”</strong></em></a></h4>
<h4 style="text-align: center;">se zambulle junto a un grupo de locos bajitos (algunos con venerables canas)</h4>
<h4 style="text-align: center;">en un viaje de investigación que ocurrió hace mucho tiempo.</h4>
<h4 style="text-align: center;">En el siglo XVIII:</h4>
<p>&nbsp;</p>
<p>Encargada expresamente por Carlos III  para entablar relaciones comerciales y diplomáticas con una ciudad estado situada en&#8230;  oriente próximo&#8230; o era en el Caucaso&#8230; no sería Persia&#8230;<strong> BHEIRAN.</strong></p>
<p style="text-align: left;"><em>«Los marineros más avezados hablan de que sus habitantes tienen  mascotas gigantes llamadas «oso perros», fieros pero fieles a sus amos. Se dice que después de las batallas les alimentan con partes del cuerpo de los prisioneros como recompensa. No les dan órganos vitales, de esa forma los capturados no mueren. Después, liberan a los que pueden soportarlo, volviendo a sus casas amputados  para contarlo. </em>Así de temidas son las huestes de Bheiran».</p>
<p style="text-align: left;"><a href="http://bheiran.com/wp-content/uploads/2014/09/Exploradores.jpg"><img loading="lazy" decoding="async" class="aligncenter wp-image-32 size-thumbnail" src="http://bheiran.com/wp-content/uploads/2014/09/Exploradores-150x115.jpg" alt="Exploradores" width="150" height="115" srcset="http://bheiran.trotajueves.es/wp-content/uploads/2014/09/Exploradores-150x115.jpg 150w, http://bheiran.trotajueves.es/wp-content/uploads/2014/09/Exploradores-300x230.jpg 300w, http://bheiran.trotajueves.es/wp-content/uploads/2014/09/Exploradores-299x230.jpg 299w, http://bheiran.trotajueves.es/wp-content/uploads/2014/09/Exploradores.jpg 302w" sizes="auto, (max-width: 150px) 100vw, 150px" /></a></p>
<p style="text-align: left;">Todo aquel QUE ESTÉ INTERESADO EN PARTICIPAR</p>
<p style="text-align: left;">en el estudio y desarrollo de estas investigaciones,</p>
<p style="text-align: left;">que le apasione bucear en legajos, mapas, pergaminos, notas bocetos o pinturas olvidadas en los anaqueles del tiempo</p>
<p style="text-align: left;">o que quiera simplemente soñar con huríes de ojos azabache o guerreros de musculoso trasero.</p>
<p style="text-align: left;">Aquellos que quieran conocer la poesía, el arte, la historia de un país olvidado.</p>
<p style="text-align: left;"><strong><em>Aquellos que quieran construir un sueño.</em></strong></p>
<h3 style="text-align: center;">Les invitamos a reunirse con nosotros</h3>
<h3 style="text-align: center;"><strong><em><a href="https://www.google.com/maps/place/EL+TROTAJUEVES.+Librer%C3%ADa+Asociativa+de+Viajes+y+Relatos/@40.387114,-3.736477,14z/data=!4m2!3m1!1s0x0:0x3f9902b692a619d4?hl=es-ES" target="_blank">En «la cueva del monstruo japonés»</a></em></strong></h3>
<address>Librería Asociativa el Trotajueves.</address>
<address>Calle Antonia Lancha 17.</address>
<address>Si vienes en<a href="http://www.metromadrid.es/export/sites/metro/comun/documentos/planos/Planoesquematicoespanol.pdf" target="_blank"><em> </em></a><em>METRO</em>, estamos entre las estaciones de <a href="https://maps.google.es/maps?q=Calle+de+Antonia+Lancha,+17,+Madrid&amp;hl=es&amp;ll=40.385749,-3.720589&amp;spn=0.009561,0.01929&amp;sll=40.385716,-3.720288&amp;sspn=0.009561,0.01929&amp;oq=calle+antonia+lancha+17&amp;hnear=Calle+de+Antonia+Lancha,+17,+28019+Madrid,+Comunidad+de+Madrid&amp;t=m&amp;z=16" target="_blank">PLAZA ELÍPTICA Y OPAÑEL.</a> de la <a href="http://www.metromadrid.es/es/viaja_en_metro/red_de_metro/estaciones/PlazaEliptica.html" target="_blank"><em>LÍNEA 6</em></a></address>
<address>Si vienes en  <em>AUTOBUS:</em>   <a href="http://www.emtmadrid.es/mapaweb/emt.html" target="_blank">47, 55, 81 60, 247, 116,</a><a href="http://www.emtmadrid.es/mapaweb/emt.html" target="_blank"> E1, N17.</a></address>
<address> Para llamarnos por teléfono:  915699326</address>
<address> </address>
<address> Porque lo que quiere hacer este grupo de<strong><em> «piraos»</em> </strong>no es más que sacar a la luz <strong><em>uno de los viajes de investigación más importantes que la corte Española promocionara en esa época ilustrada.</em></strong></address>
<address> </address>

<p> El Capitán de la goleta “La Avariciosa”, Don Antonio Pardo de Zamora, que partió en 1.785 del puerto de El Ferrol, en la expedición que se  realizó rumbo: “El conocimiento”, no hubiera imaginado de ningún modo, que casi tres siglos después unos curiosos que se reunirían bajo la mirada zumbada de un dios japonés en [&hellip;]</p>
